53 prime?
False
Is 195751446302 composite?
True
Is 34093615487 a composite number?
True
Is 12881784967 composite?
False
Is 920145367 prime?
False
Is 1201104901 composite?
False
Is 832977259 composite?
True
Is 22411642397 a composite number?
False
Is 607683407 prime?
True
Is 8980183659 composite?
True
Is 1632719409 a composite number?
True
Is 6165301403 composite?
True
Is 1591916251 composite?
True
Is 650412517 composite?
False
Is 40986207959 a prime number?
True
Is 727674049 prime?
True
Is 3393817117 a composite number?
True
Is 3208405757 composite?
True
Is 464521061 prime?
True
Is 8234782981 a composite number?
True
Is 133845311 a composite number?
True
Is 504533389 prime?
False
Is 3532202933 composite?
True
Is 6725016719 prime?
True
Is 38647136663 composite?
True
Is 1398217117 composite?
True
Is 41102213 prime?
False
Is 38040966883 prime?
False
Is 1078109 composite?
False
Is 10817568191 prime?
True
Is 949591751 a prime number?
False
Is 86980192417 prime?
True
Is 55510999 composite?
False
Is 35147622683 a prime number?
True
Is 785504329 composite?
True
Is 30943331 a prime number?
True
Is 255209267 composite?
True
Is 90646104323 composite?
False
Is 18045947 composite?
True
Is 390086133 a composite number?
True
Is 7086714149 prime?
True
Is 17256046727 a composite number?
False
Is 38214582139 a composite number?
True
Is 11276240155 prime?
False
Is 11858490209 a composite number?
True
Is 64169602009 prime?
True
Is 1639529951 prime?
True
Is 3911144639 a composite number?
True
Is 328722161 composite?
True
Is 3989417 a prime number?
False
Is 41488534733 a composite number?
False
Is 472274417 a prime number?
True
Is 58222888723 prime?
False
Is 6993276403 prime?
True
Is 4711345841 a prime number?
False
Is 22128855107 a prime number?
False
Is 20435840869 a prime number?
False
Is 12313754261 composite?
False
Is 617116433 prime?
False
Is 36220073 a prime number?
False
Is 123172493 a composite number?
False
Is 2808794531 prime?
True
Is 3801597701 prime?
False
Is 44330482941 prime?
False
Is 47600388151 a composite number?
False
Is 208617009773 a composite number?
False
Is 4971271961 a composite number?
True
Is 35310457081 prime?
True
Is 10902556633 a composite number?
False
Is 258477169 prime?
True
Is 408761657 composite?
True
Is 281490317 a composite number?
False
Is 257577206 a composite number?
True
Is 68027674541 a composite number?
False
Is 3105844293 composite?
True
Is 3240341089 a composite number?
False
Is 310600469 a prime number?
False
Is 6891537347 prime?
True
Is 771300701 prime?
True
Is 1567347707 prime?
True
Is 16555260529 a prime number?
False
Is 130699681331 a prime number?
True
Is 1238026507 prime?
True
Is 31799567 a prime number?
True
Is 7865829029 a prime number?
True
Is 266403587 a composite number?
True
Is 65646283 a composite number?
True
Is 18871828658 composite?
True
Is 3124507973 composite?
False
Is 542076833 prime?
False
Is 9827734877 composite?
True
Is 4778319683 composite?
True
Is 6645893 a composite number?
True
Is 425378491 a prime number?
False
Is 1502230087 a composite number?
False
Is 38931009529 composite?
True
Is 501065051 prime?
False
Is 36662332451 composite?
False
Is 503603207 prime?
False
Is 1102388431 composite?
True
Is 241469843 a prime number?
True
Is 41509891331 a composite number?
False
Is 11426809451 prime?
True
Is 1094443055 a prime number?
False
Is 1705581907 a prime number?
False
Is 5430828469 a prime number?
False
Is 1100898649 a composite number?
False
Is 61015464803 a composite number?
False
Is 9811208357 prime?
False
Is 630363731 a prime number?
True
Is 11143318841 a composite number?
False
Is 96110539 prime?
False
Is 8636035361 prime?
True
Is 18222499459 a prime number?
True
Is 369216299 prime?
True
Is 7068003949 a prime number?
False
Is 1017280681 a composite number?
False
Is 119830339 a composite number?
True
Is 4349001119 a composite number?
False
Is 7734816493 prime?
False
Is 40785802883 composite?
True
Is 2292595363 composite?
True
Is 35773811999 a prime number?
True
Is 665498029 a composite number?
True
Is 2739406649 composite?
True
Is 24130750949 prime?
True
Is 183182697809 a prime number?
True
Is 163190277773 composite?
False
Is 53161557179 prime?
True
Is 2278241741 composite?
True
Is 563592149 a composite number?
True
Is 1575223109 a prime number?
True
Is 160870883 composite?
True
Is 19533745013 a prime number?
False
Is 768537815 prime?
False
Is 69605806643 composite?
True
Is 52305079181 a composite number?
False
Is 677614037 a prime number?
True
Is 1429252481 a composite number?
False
Is 9139441393 composite?
True
Is 6274171031 a composite number?
False
Is 722065951 a prime number?
False
Is 6064094963 a prime number?
True
Is 13562789467 a composite number?
False
Is 101180249 a composite number?
True
Is 2313781121 a prime number?
True
Is 27104930723 composite?
True
Is 88420337 a prime number?
False
Is 4870648501 a prime number?
False
Is 60922793 a prime number?
False
Is 1102997801 a composite number?
True
Is 4982482679 a prime number?
False
Is 439282561 a composite number?
False
Is 2672307263 a composite number?
True
Is 371838821 a composite number?
False
Is 9033855557 a prime number?
False
Is 264900743 a prime number?
True
Is 5280232871 a prime number?
False
Is 889037081 a prime number?
False
Is 1649223097 composite?
False
Is 64112326989 a composite number?
True
Is 570822061 prime?
False
Is 16565401 a composite number?
False
Is 240449502667 prime?
False
Is 25312739 a prime number?
False
Is 7637946658 composite?
True
Is 4251416779 a composite number?
False
Is 98459514269 a composite number?
False
Is 2878719247 a prime number?
False
Is 2768261917 a prime number?
False
Is 3632184191 a composite number?
True
Is 3042394183 composite?
False
Is 7057541581 a prime number?
True
Is 55089079 a prime number?
False
Is 267322877 a prime number?
True
Is 1884792559 prime?
False
Is 26152631 a composite number?
False
Is 6671008543 composite?
False
Is 486128383 composite?
True
Is 132628621777 prime?
True
Is 103531802551 composite?
True
Is 1144806599 composite?
True
Is 53052511397 composite?
True
Is 16749002131 composite?
False
Is 243031292729 composite?
True
Is 81459141805 a composite number?
True
Is 11474342267 composite?
True
Is 427787279 a composite number?
True
Is 10722920219 composite?
True
Is 13113364471 composite?
True
Is 10036961609 a prime number?
True
Is 1207745579 prime?
False
Is 49382384687 a prime number?
False
Is 53917 a prime number?
True
Is 3728979337 composite?
False
Is 4463837759 prime?
True
Is 3219946517 a prime number?
True
Is 3389486251 prime?
True
Is 1329499009 a prime number?
True
Is 902127851 a composite number?
False
Is 7267031773 prime?
True
Is 1023345727 a prime number?
True
Is 103291028261 prime?
False
Is 25519458431 composite?
False
Is 299971187 composite?
False
Is 10932853717 a composite number?
True
Is 445742897 prime?
False
Is 184863410231 a composite number?
False
Is 4808789707 a prime number?
True
Is 76310445109 a prime number?
True
Is 27277053157 composite?
True
Is 9368398969 a prime number?
False
Is 3455160991 a prime number?
True
Is 842279761 prime?
True
Is 56263329841 composite?
False
Is 62915713451 prime?
True
Is 7136181337 a prime number?
True
Is 5137823849 a composite number?
False
Is 304402729 prime?
True
Is 477693967 a prime number?
False
Is 1291671103 composite?
False
Is 5001013 composite?
True
Is 1744351093 a prime number?
True
Is 74917679017 prime?
False
Is 49417352317 composite?
True
Is 266747567 composite?
False
Is 1455703261 prime?
True
Is 166553791 a composite number?
True
Is 67048040249 prime?
False
Is 6011006257 a composite number?
True
Is 3770966717 a composite number?
True
Is 1936062827 composite?
False
Is 3145589387 a composite number?
False
Is 7896189566 composite?
True
Is 13928034209 composite?
True
Is 1003758577 a composite number?
False
Is 4455255034 composite?
True
Is 11655049333 a composite number?
False
Is 9662287666 prime?
False
Is 191351627 a prime number?
False
Is 962276453 a composite number?
False
Is 2049113669 composite?
False
Is 12669284711 prime?
True
Is 12302792059 a composite number?
True
Is 4779316583 a prime number?
False
Is 8891932187 a composite number?
True
Is 2303267279 a composite number?
True
Is 18189499721 prime?
True
Is 76351957